{"id":5,"date":"2015-05-27T14:47:59","date_gmt":"2015-05-27T13:47:59","guid":{"rendered":"http:\/\/francoise-ayme-martin.com\/panoramas\/cart\/"},"modified":"2017-11-22T09:34:57","modified_gmt":"2017-11-22T08:34:57","slug":"panier","status":"publish","type":"page","link":"http:\/\/francoise-ayme-martin.com\/panoramas\/panier\/","title":{"rendered":"Panier"},"content":{"rendered":"<p><div id=\"attachment_154\" style=\"width: 310px\" class=\"wp-caption alignnone\"><img loading=\"lazy\" decoding=\"async\" aria-describedby=\"caption-attachment-154\" src=\"http:\/\/francoise-ayme-martin.com\/panoramas\/wp-content\/uploads\/2015\/05\/panorama-Belledonne-web-17-300x183.jpg\" alt=\"\" width=\"300\" height=\"183\" class=\"size-medium wp-image-154\" srcset=\"http:\/\/francoise-ayme-martin.com\/panoramas\/wp-content\/uploads\/2015\/05\/panorama-Belledonne-web-17-300x183.jpg 300w, http:\/\/francoise-ayme-martin.com\/panoramas\/wp-content\/uploads\/2015\/05\/panorama-Belledonne-web-17-768x469.jpg 768w, http:\/\/francoise-ayme-martin.com\/panoramas\/wp-content\/uploads\/2015\/05\/panorama-Belledonne-web-17-1024x625.jpg 1024w, http:\/\/francoise-ayme-martin.com\/panoramas\/wp-content\/uploads\/2015\/05\/panorama-Belledonne-web-17-240x145.jpg 240w\" sizes=\"auto, (max-width: 300px) 100vw, 300px\" \/><p id=\"caption-attachment-154\" class=\"wp-caption-text\">Nouveau poster de la Cha\u00eene de Belledonne, disponible \u00e0 partir du 1er d\u00e9cembre. Vous pouvez passer commande d\u00e8s maintenant!<\/p><\/div><div class=\"woocommerce\">\n<p class=\"cart-empty\">Votre panier est actuellement vide.<\/p>\n\n\n<p class=\"return-to-shop\"><a class=\"button wc-backward\" href=\"http:\/\/francoise-ayme-martin.com\/panoramas\/boutique\/\">Retour \u00e0 la boutique<\/a><\/p>\n<\/div><\/p>\n","protected":false},"excerpt":{"rendered":"","protected":false},"author":1,"featured_media":0,"parent":0,"menu_order":0,"comment_status":"closed","ping_status":"closed","template":"","meta":{"footnotes":""},"class_list":["post-5","page","type-page","status-publish","hentry"],"_links":{"self":[{"href":"http:\/\/francoise-ayme-martin.com\/panoramas\/wp-json\/wp\/v2\/pages\/5","targetHints":{"allow":["GET"]}}],"collection":[{"href":"http:\/\/francoise-ayme-martin.com\/panoramas\/wp-json\/wp\/v2\/pages"}],"about":[{"href":"http:\/\/francoise-ayme-martin.com\/panoramas\/wp-json\/wp\/v2\/types\/page"}],"author":[{"embeddable":true,"href":"http:\/\/francoise-ayme-martin.com\/panoramas\/wp-json\/wp\/v2\/users\/1"}],"replies":[{"embeddable":true,"href":"http:\/\/francoise-ayme-martin.com\/panoramas\/wp-json\/wp\/v2\/comments?post=5"}],"version-history":[{"count":4,"href":"http:\/\/francoise-ayme-martin.com\/panoramas\/wp-json\/wp\/v2\/pages\/5\/revisions"}],"predecessor-version":[{"id":158,"href":"http:\/\/francoise-ayme-martin.com\/panoramas\/wp-json\/wp\/v2\/pages\/5\/revisions\/158"}],"wp:attachment":[{"href":"http:\/\/francoise-ayme-martin.com\/panoramas\/wp-json\/wp\/v2\/media?parent=5"}],"curies":[{"name":"wp","href":"https:\/\/api.w.org\/{rel}","templated":true}]}}