{"id":87,"date":"2015-03-04T16:07:33","date_gmt":"2015-03-04T15:07:33","guid":{"rendered":"http:\/\/francoise-ayme-martin.com\/?page_id=87"},"modified":"2022-09-12T14:54:07","modified_gmt":"2022-09-12T13:54:07","slug":"presentation-et-parcours-2","status":"publish","type":"page","link":"https:\/\/francoise-ayme-martin.com\/?page_id=87","title":{"rendered":"Pr\u00e9sentation et parcours"},"content":{"rendered":"\t\t<div data-elementor-type=\"wp-page\" data-elementor-id=\"87\" class=\"elementor elementor-87\" data-elementor-settings=\"[]\">\n\t\t\t<div class=\"elementor-inner\">\n\t\t\t\t<div class=\"elementor-section-wrap\">\n\t\t\t\t\t\t\t<section class=\"elementor-element elementor-element-609f00a elementor-section-boxed elementor-section-height-default elementor-section-height-default elementor-section elementor-top-section\" data-id=\"609f00a\" data-element_type=\"section\">\n\t\t\t\t\t\t<div class=\"elementor-container elementor-column-gap-default\">\n\t\t\t\t<div class=\"elementor-row\">\n\t\t\t\t<div class=\"elementor-element elementor-element-12512cd elementor-column elementor-col-100 elementor-top-column\" data-id=\"12512cd\" data-element_type=\"column\">\n\t\t\t<div class=\"elementor-column-wrap  elementor-element-populated\">\n\t\t\t\t\t<div class=\"elementor-widget-wrap\">\n\t\t\t\t<div class=\"elementor-element elementor-element-e36f263 elementor-widget elementor-widget-text-editor\" data-id=\"e36f263\" data-element_type=\"widget\" data-widget_type=\"text-editor.default\">\n\t\t\t\t<div class=\"elementor-widget-container\">\n\t\t\t\t\t<div class=\"elementor-text-editor elementor-clearfix\"><h2 style=\"padding-left: 60px; font-style: normal; text-align: justify;\"><span style=\"font-size: 52px; font-family: helvetica;\"><br><a style=\"font-size: 52px;\" href=\"https:\/\/francoise-ayme-martin.com\/wp-content\/uploads\/2015\/03\/AAA.jpg\"><img loading=\"lazy\" decoding=\"async\" class=\"wp-image-394 aligncenter\" style=\"font-size: 52px;\" src=\"https:\/\/francoise-ayme-martin.com\/wp-content\/uploads\/2015\/03\/AAA-237x300.jpg\" alt=\"AAA\" width=\"174\" height=\"221\" srcset=\"https:\/\/francoise-ayme-martin.com\/wp-content\/uploads\/2015\/03\/AAA-237x300.jpg 237w, https:\/\/francoise-ayme-martin.com\/wp-content\/uploads\/2015\/03\/AAA-810x1024.jpg 810w, https:\/\/francoise-ayme-martin.com\/wp-content\/uploads\/2015\/03\/AAA.jpg 936w\" sizes=\"auto, (max-width: 174px) 100vw, 174px\" \/><\/a><\/span><\/h2>\n<h2 style=\"padding-left: 60px; font-style: normal; text-align: justify;\"><span style=\"font-size: 52px; font-family: helvetica;\">Fran\u00e7oise AYM\u00c9-MARTIN&nbsp; <\/span><span style=\"font-size: 14pt;\">Artiste peintre<\/span><\/h2>\n<p style=\"font-weight: 400; font-style: normal; font-size: 16px; font-family: jost, Helvetica, Arial, sans-serif; color: #7e7e7e; letter-spacing: normal; text-align: justify;\"><span style=\"font-size: 16px; font-family: helvetica;\">N\u00e9e \u00e0&nbsp; MONTELIMAR (Dr\u00f4me),<\/span><\/p>\n<p style=\"font-weight: 400; font-style: normal; font-size: 16px; font-family: jost, Helvetica, Arial, sans-serif; color: #7e7e7e; letter-spacing: normal; text-align: justify;\"><span style=\"font-size: 16px; font-family: helvetica;\">Tr\u00e8s t\u00f4t attir\u00e9e par les chemins buissonniers, l\u2019ind\u00e9pendance et l\u2019imaginaire, elle&nbsp; commence \u00e0 peindre \u00e0 l\u2019\u00e2ge de douze ans dans l\u2019atelier du peintre TORTEL \u00e0 Mont\u00e9limar, puis s\u2019oriente vers les&nbsp;Beaux-Arts d\u2019AIX-EN-PROVENCE, tout en menant une recherche personnelle en arts appliqu\u00e9s et cr\u00e9ations en volume.<\/span><\/p>\n<p style=\"font-weight: 400; font-style: normal; font-size: 16px; font-family: jost, Helvetica, Arial, sans-serif; color: #7e7e7e; letter-spacing: normal; text-align: justify;\"><span style=\"font-size: 16px; font-family: helvetica;\">Devenue artiste peintre professionnelle \u00e0 22 ans, elle expose dans les principales villes europ\u00e9ennes (Paris, Lyon, Gen\u00e8ve, Amsterdam, Li\u00e8ge \u2026), et jusqu\u2019au Canada qui abrite une importante collection priv\u00e9e de ses \u0153uvres.<\/span><\/p>\n<p style=\"font-weight: 400; font-style: normal; font-size: 16px; font-family: jost, Helvetica, Arial, sans-serif; color: #7e7e7e; letter-spacing: normal; text-align: justify;\"><span style=\"font-size: 16px; font-family: helvetica;\">&nbsp;Ce parcours s\u2019accompagne de diff\u00e9rentes r\u00e9alisations&nbsp;: peintures murales, nombreux d\u00e9cors et affiches de spectacles, illustrations (Bayard Presse), d\u00e9cors mobiles de grande envergure pour l\u2019\u00e9v\u00e8nementiel, sc\u00e9nographie et parcours \u00e0 th\u00e8me pour les mus\u00e9es et lieux de visite.<\/span><\/p>\n<h3 style=\"padding-left: 30px; font-style: normal; text-align: justify;\"><span style=\"font-size: 38px; font-family: helvetica;\">D\u00e9marche artistique actuelle&nbsp;:<\/span><\/h3>\n<p style=\"font-weight: 400; font-style: normal; font-size: 16px; font-family: jost, Helvetica, Arial, sans-serif; color: #7e7e7e; letter-spacing: normal; text-align: justify;\"><span style=\"font-size: 16px; font-family: helvetica;\">Proposer un voyage qui fait appel \u00e0 l\u2019imaginaire de chacun, en restant proche de la dimension humaine, sans intellectualisation ni discours. C\u2019est le spectateur qui aborde et interpr\u00e8te chaque oeuvre selon son propre ressenti.<\/span><\/p>\n<p style=\"font-weight: 400; font-style: normal; font-size: 16px; font-family: jost, Helvetica, Arial, sans-serif; color: #7e7e7e; letter-spacing: normal; text-align: justify;\"><span style=\"font-size: 16px; font-family: helvetica;\">Cette \u00ab&nbsp;repr\u00e9sentation&nbsp;\u00bb ou suggestion d\u2019un univers suppos\u00e9, entre r\u00e9el et imaginaire, est \u00e9galement pr\u00e9texte \u00e0 une exploration de la couleur et de ses moyens d\u2019application, en toute libert\u00e9.<\/span><\/p>\n<h3 style=\"padding-left: 30px; font-style: normal; text-align: justify;\"><span style=\"font-size: 38px; font-family: helvetica;\">Expositions personnelles (galeries d\u2019art):&nbsp;<\/span><\/h3>\n<p style=\"font-weight: 400; font-style: normal; font-size: 16px; font-family: jost, Helvetica, Arial, sans-serif; color: #7e7e7e; letter-spacing: normal; text-align: justify;\"><span style=\"font-size: 16px; font-family: helvetica;\"><span style=\"font-weight: 500; font-size: 16px;\">FRANCE&nbsp;:<\/span>&nbsp;Lyon, Avignon, Grenoble, Marseille, Toulon, Biarritz, Perpignan, Annecy, Nyons, Collioure.<\/span><\/p>\n<p style=\"font-weight: 400; font-style: normal; font-size: 16px; font-family: jost, Helvetica, Arial, sans-serif; color: #7e7e7e; letter-spacing: normal; text-align: justify;\"><span style=\"font-size: 16px; font-family: helvetica;\"><span style=\"font-weight: 500; font-size: 16px;\">PAYS-BAS&nbsp;:<\/span>&nbsp;Amsterdam.<\/span><\/p>\n<p style=\"font-weight: 400; font-style: normal; font-size: 16px; font-family: jost, Helvetica, Arial, sans-serif; color: #7e7e7e; letter-spacing: normal; text-align: justify;\"><span style=\"font-size: 16px; font-family: helvetica;\"><span style=\"font-weight: 500; font-size: 16px;\">SUISSE&nbsp;:<\/span>&nbsp;Gen\u00e8ve, Lausanne, Z\u00fcrich, Thun.<\/span><\/p>\n<h3 style=\"padding-left: 30px; font-style: normal;\"><span style=\"font-size: 38px; font-family: helvetica;\">Expositions personnelles (lieux patrimoniaux)&nbsp;:<\/span><\/h3>\n<p style=\"font-weight: 400; font-style: normal; font-size: 16px; font-family: jost, Helvetica, Arial, sans-serif; color: #7e7e7e; letter-spacing: normal; text-align: justify;\"><span style=\"font-size: 16px; font-family: helvetica;\">Ch\u00e2teau de Rochegude, ch\u00e2teau du Po\u00ebt-Laval (Dr\u00f4me proven\u00e7ale), ch\u00e2teau de l\u2019Arthaudi\u00e8re, Espace culturel de la ville de Crolles (Is\u00e8re), Maison de la Tour \u00e0 Valaurie, salle des vo\u00fbtes de Cassis, The Coach House (Toronto), \u00e9glise romane de BALAZUC (Ard\u00e8che).<\/span><\/p>\n<h3 style=\"padding-left: 30px; font-style: normal; text-align: justify;\"><span style=\"font-size: 38px; font-family: helvetica;\">Festivals, salons&nbsp;internationaux :<\/span><\/h3>\n<p style=\"font-weight: 400; font-style: normal; font-size: 16px; font-family: jost, Helvetica, Arial, sans-serif; color: #7e7e7e; letter-spacing: normal; text-align: justify;\"><span style=\"font-size: 16px; font-family: helvetica;\">Orl\u00e9ans (Campo Santo), Namur, Mus\u00e9e d\u2019Art Moderne de Li\u00e8ge (Belgique), Biennale d\u2019Art sacr\u00e9 actuel de Lyon, Festival d\u2019art singulier de Banne (Ard\u00e8che), circuit d&rsquo;art 2015 l&rsquo;Art \u00e0 Demeure (Dr\u00f4me proven\u00e7ale), Salon de la cr\u00e9ation \u00e0 Evian, Art&rsquo;pentez \u00e0 Mirmande (Dr\u00f4me proven\u00e7ale).<\/span><\/p><\/div>\n\t\t\t\t<\/div>\n\t\t\t\t<\/div>\n\t\t\t\t\t\t<\/div>\n\t\t\t<\/div>\n\t\t<\/div>\n\t\t\t\t\t\t<\/div>\n\t\t\t<\/div>\n\t\t<\/section>\n\t\t\t\t<section class=\"elementor-element elementor-element-110c2b30 elementor-section-boxed elementor-section-height-default elementor-section-height-default elementor-section elementor-top-section\" data-id=\"110c2b30\" data-element_type=\"section\">\n\t\t\t\t\t\t<div class=\"elementor-container elementor-column-gap-default\">\n\t\t\t\t<div class=\"elementor-row\">\n\t\t\t\t<div class=\"elementor-element elementor-element-7b84e4d1 elementor-column elementor-col-100 elementor-top-column\" data-id=\"7b84e4d1\" data-element_type=\"column\">\n\t\t\t<div class=\"elementor-column-wrap  elementor-element-populated\">\n\t\t\t\t\t<div class=\"elementor-widget-wrap\">\n\t\t\t\t<div class=\"elementor-element elementor-element-73a0002e elementor-widget elementor-widget-text-editor\" data-id=\"73a0002e\" data-element_type=\"widget\" data-widget_type=\"text-editor.default\">\n\t\t\t\t<div class=\"elementor-widget-container\">\n\t\t\t\t\t<div class=\"elementor-text-editor elementor-clearfix\"><\/div>\n\t\t\t\t<\/div>\n\t\t\t\t<\/div>\n\t\t\t\t\t\t<\/div>\n\t\t\t<\/div>\n\t\t<\/div>\n\t\t\t\t\t\t<\/div>\n\t\t\t<\/div>\n\t\t<\/section>\n\t\t\t\t\t\t<\/div>\n\t\t\t<\/div>\n\t\t<\/div>\n\t\t","protected":false},"excerpt":{"rendered":"<p>Fran\u00e7oise AYM\u00c9-MARTIN&nbsp; Artiste peintre N\u00e9e \u00e0&nbsp; MONTELIMAR (Dr\u00f4me), Tr\u00e8s t\u00f4t attir\u00e9e par les chemins buissonniers, l\u2019ind\u00e9pendance et l\u2019imaginaire, elle&nbsp; commence \u00e0 peindre \u00e0 l\u2019\u00e2ge de douze ans dans l\u2019atelier du peintre TORTEL \u00e0 Mont\u00e9limar, puis s\u2019oriente vers les&nbsp;Beaux-Arts d\u2019AIX-EN-PROVENCE, tout en menant une recherche personnelle en arts appliqu\u00e9s et cr\u00e9ations en volume. Devenue artiste peintre professionnelle \u00e0 22 ans, elle expose dans les principales villes europ\u00e9ennes (Paris, Lyon, Gen\u00e8ve, Amsterdam, Li\u00e8ge \u2026), et jusqu\u2019au Canada qui abrite une importante collection [&hellip;]<\/p>\n","protected":false},"author":1,"featured_media":0,"parent":0,"menu_order":0,"comment_status":"closed","ping_status":"closed","template":"","meta":{"footnotes":""},"class_list":["post-87","page","type-page","status-publish","hentry","wp-image-borders"],"_links":{"self":[{"href":"https:\/\/francoise-ayme-martin.com\/index.php?rest_route=\/wp\/v2\/pages\/87","targetHints":{"allow":["GET"]}}],"collection":[{"href":"https:\/\/francoise-ayme-martin.com\/index.php?rest_route=\/wp\/v2\/pages"}],"about":[{"href":"https:\/\/francoise-ayme-martin.com\/index.php?rest_route=\/wp\/v2\/types\/page"}],"author":[{"embeddable":true,"href":"https:\/\/francoise-ayme-martin.com\/index.php?rest_route=\/wp\/v2\/users\/1"}],"replies":[{"embeddable":true,"href":"https:\/\/francoise-ayme-martin.com\/index.php?rest_route=%2Fwp%2Fv2%2Fcomments&post=87"}],"version-history":[{"count":23,"href":"https:\/\/francoise-ayme-martin.com\/index.php?rest_route=\/wp\/v2\/pages\/87\/revisions"}],"predecessor-version":[{"id":2199,"href":"https:\/\/francoise-ayme-martin.com\/index.php?rest_route=\/wp\/v2\/pages\/87\/revisions\/2199"}],"wp:attachment":[{"href":"https:\/\/francoise-ayme-martin.com\/index.php?rest_route=%2Fwp%2Fv2%2Fmedia&parent=87"}],"curies":[{"name":"wp","href":"https:\/\/api.w.org\/{rel}","templated":true}]}}